{"id":19,"date":"2016-11-15T14:12:20","date_gmt":"2016-11-15T14:12:20","guid":{"rendered":"http:\/\/www.rhino.com.bo\/?page_id=19"},"modified":"2018-02-23T13:15:22","modified_gmt":"2018-02-23T13:15:22","slug":"amortiguador-nitro","status":"publish","type":"page","link":"https:\/\/www.rhino.com.bo\/?page_id=19","title":{"rendered":"Amortiguadores de Maletero y Capot"},"content":{"rendered":"<div id=\"pl-19\"  class=\"panel-layout\" ><div id=\"pg-19-0\"  class=\"panel-grid panel-has-style\" ><div class=\"siteorigin-panels-stretch panel-row-style panel-row-style-for-19-0\" data-stretch-type=\"full\" ><div id=\"pgc-19-0-0\"  class=\"panel-grid-cell\" ><div id=\"panel-19-0-0-0\" class=\"so-panel widget widget_sow-image panel-first-child panel-last-child\" data-index=\"0\" ><div\n\t\t\t\n\t\t\tclass=\"so-widget-sow-image so-widget-sow-image-default-d6014b76747a-19\"\n\t\t\t\n\t\t>\n\n<div class=\"sow-image-container\">\n\t\t<img decoding=\"async\" src=\"https:\/\/www.rhino.com.bo\/wp-content\/uploads\/15-Amort-Maletero-y-Capot.jpg\" width=\"827\" height=\"709\" srcset=\"https:\/\/www.rhino.com.bo\/wp-content\/uploads\/15-Amort-Maletero-y-Capot.jpg 827w, https:\/\/www.rhino.com.bo\/wp-content\/uploads\/15-Amort-Maletero-y-Capot-300x257.jpg 300w, https:\/\/www.rhino.com.bo\/wp-content\/uploads\/15-Amort-Maletero-y-Capot-768x658.jpg 768w\" sizes=\"(max-width: 827px) 100vw, 827px\" title=\"15 Amort Maletero y Capot\" alt=\"\" loading=\"lazy\" \t\tclass=\"so-widget-image\"\/>\n\t<\/div>\n\n<\/div><\/div><\/div><div id=\"pgc-19-0-1\"  class=\"panel-grid-cell\" ><div id=\"panel-19-0-1-0\" class=\"so-panel widget widget_sow-editor panel-first-child\" data-index=\"1\" ><div class=\"panel-widget-style panel-widget-style-for-19-0-1-0\" ><div\n\t\t\t\n\t\t\tclass=\"so-widget-sow-editor so-widget-sow-editor-base\"\n\t\t\t\n\t\t>\n<div class=\"siteorigin-widget-tinymce textwidget\">\n\t<p>Conectan el chasis a la tapa del maletero o capot y su funci\u00f3n principal es la de apoyar el levantamiento y bajada de la misma adem\u00e1s sostener su peso de forma segura mientras se encuentre abierto, esto se debe a que el amortiguador comprime energ\u00eda cuando el v\u00e1stago se encuentra presionado y la libera cuando est\u00e1 en su posici\u00f3n natural y permite que la tapa permanezca abierta evitando el riesgo de que la misma baje de forma inesperada haciendo da\u00f1o al conductor o pasajero. <br \/>El amortiguador de maletero RHINO de doble acci\u00f3n de la serie NITRO lleva una poderosa aplicaci\u00f3n de nitr\u00f3geno bajo alta presi\u00f3n que evita la formaci\u00f3n de burbujas de aire en el aceite dentro de la c\u00e1mara, asegurando de esa manera un excelente funcionamiento en situaciones de uso intenso, y garantizando una larga vida \u00fatil al producto.<\/p><\/div>\n<\/div><\/div><\/div><div id=\"panel-19-0-1-1\" class=\"so-panel widget widget_sow-button panel-last-child\" data-index=\"2\" ><div\n\t\t\t\n\t\t\tclass=\"so-widget-sow-button so-widget-sow-button-wire-cca552de5ea1-19\"\n\t\t\t\n\t\t><div class=\"ow-button-base ow-button-align-left\">\n\t<a href=\"http:\/\/www.rhino.com.bo\/wp-content\/uploads\/Amortiguadores-Maletero-y-Capot02-1.jpg\" class=\"ow-icon-placement-left ow-button-hover\" target=\"_blank\" rel=\"noopener noreferrer\" \t\t>\n\t\t<span>\n\t\t\t\n\t\t\tVer m\u00e1s...\t\t<\/span>\n\t<\/a>\n<\/div>\n<\/div><\/div><\/div><\/div><\/div><\/div>","protected":false},"excerpt":{"rendered":"<p>Conectan el chasis a la tapa del maletero o capot y su funci\u00f3n principal es la de apoyar el levantamiento y bajada de la misma adem\u00e1s sostener su peso de forma segura mientras se encuentre abierto, esto se debe a que el amortiguador comprime energ\u00eda cuando el v\u00e1stago se encuentra presionado y la libera cuando est\u00e1 en su posici\u00f3n natural y permite que la tapa permanezca abierta evitando el riesgo de que la misma baje de forma inesperada haciendo da\u00f1o al conductor o pasajero. El amortiguador de maletero RHINO de doble acci\u00f3n de la serie NITRO lleva una poderosa aplicaci\u00f3n&#8230; <\/p>\n","protected":false},"author":1,"featured_media":0,"parent":23,"menu_order":0,"comment_status":"closed","ping_status":"closed","template":"template-left-sidebar.php","meta":{"footnotes":""},"_links":{"self":[{"href":"https:\/\/www.rhino.com.bo\/index.php?rest_route=\/wp\/v2\/pages\/19"}],"collection":[{"href":"https:\/\/www.rhino.com.bo\/index.php?rest_route=\/wp\/v2\/pages"}],"about":[{"href":"https:\/\/www.rhino.com.bo\/index.php?rest_route=\/wp\/v2\/types\/page"}],"author":[{"embeddable":true,"href":"https:\/\/www.rhino.com.bo\/index.php?rest_route=\/wp\/v2\/users\/1"}],"replies":[{"embeddable":true,"href":"https:\/\/www.rhino.com.bo\/index.php?rest_route=%2Fwp%2Fv2%2Fcomments&post=19"}],"version-history":[{"count":49,"href":"https:\/\/www.rhino.com.bo\/index.php?rest_route=\/wp\/v2\/pages\/19\/revisions"}],"predecessor-version":[{"id":1106,"href":"https:\/\/www.rhino.com.bo\/index.php?rest_route=\/wp\/v2\/pages\/19\/revisions\/1106"}],"up":[{"embeddable":true,"href":"https:\/\/www.rhino.com.bo\/index.php?rest_route=\/wp\/v2\/pages\/23"}],"wp:attachment":[{"href":"https:\/\/www.rhino.com.bo\/index.php?rest_route=%2Fwp%2Fv2%2Fmedia&parent=19"}],"curies":[{"name":"wp","href":"https:\/\/api.w.org\/{rel}","templated":true}]}}